/(-22) + 2/q) a prime number?
False
Let n(l) = 499*l**2 - 160*l - 1840. Is n(-13) composite?
True
Suppose -126*l + 4095344 = 50*l. Is l a composite number?
False
Suppose 3*r = g - 87818, -331*g = -327*g - 4*r - 351312. Is g prime?
True
Let o(b) be the first derivative of 6*b**3 + 3*b**2 - 23*b - 76. Is o(14) prime?
False
Let k(v) = -v**3 + 8*v**2 - 7*v + 14. Let o be (7 - -1) + 7 + -8. Let r be k(o). Suppose -r*n = -6*n - 2008. Is n composite?
False
Let t = -53149 - -107592. Is t a prime number?
True
Suppose -15147193 = -198*c + 215825. Is c composite?
False
Suppose 10*j = 9145 - 33141 + 504046. Is j a prime number?
False
Let b be (-18)/(-22) + 2/11 - -3. Suppose 6 = 3*m, -3*h - 2*m + 283 + 789 = 0. Suppose b*d - 1007 = -5*q, 2*d + 434 = 4*q - h. Is q a prime number?
True
Suppose 71*x + 20990785 = 20*x + 121362814. Is x prime?
True
Let o be (358*15/(-5))/(0 + 2). Is o/(-12)*4 - 1 a composite number?
True
Suppose 0 = 5*s - 17*s + 2462440 - 872452. Is s composite?
False
Let l be (-7 - 10731) + (-1 - 6). Let x = 31114 + l. Is x composite?
False
Let w be 9/2 - 60/40. Suppose 3*o - 10771 = -5*t, -6 = -w*t - 0. Is o a prime number?
False
Suppose 72389114 = -39*g + 26*g + 179*g. Is g prime?
False
Let z be 5*((-24)/40 + 6654/15). Let c = z + 1962. Is c a prime number?
True
Let o(p) = -25*p + 7. Let b be o(3). Let r(j) = -5*j**3 + 3*j**2 + 3*j + 3. Let s be r(-4). Let l = b + s. Is l composite?
True
Let x be (-1)/(-2)*3*32/8. Suppose -4471 = -11*a - x*a. Is a composite?
False
Let g = -41 + 37. Let x be g/10 + 96/40. Suppose 0 = 4*c - n - 4537, x*c + 2*n = -c + 3411. Is c prime?
False
Let h be (-13)/((-52)/11976) - -6. Let i = -2123 + h. Is i prime?
True
Let h = 396 - 390. Is 12585/(h + -3) + (8 - 2) a prime number?
True
Suppose -5684466 = -25*g + 417665 + 4771994. Is g composite?
True
Let u = 32693 + -6858. Suppose -4*r - u = -5*m, 5*r - 9 = 16. Is m prime?
True
Let m be 1*-921*(1 + -3). Let p = -8272 - -8280. Suppose -p*i + 2*i = -m. Is i a prime number?
True
Let a = -24480 + 72485. Is a a prime number?
False
Let l be 77/(-22) - 6/(-4). Let o(c) = c**2 - c + 1. Let v(z) = 165*z**2 - 3*z - 1. Let a(y) = l*o(y) + v(y). Is a(-4) composite?
False
Let d = 6 - -13. Suppose -3*r - s = 4 + 5, 0 = 4*r - s + d. Is 662*((-2)/r - 0/(-4)) a composite number?
False
Let r = 34429 + -16521. Let d = -10269 + r. Is d composite?
False
Suppose 0 = -4*q + 11 + 1, -5*m - 5 = -5*q. Let h = 140 + -150. Is ((-428)/8 + m)*h prime?
False
Let i = 66 - 65. Suppose -3*c + 0*g = g - 31, 0 = g - 4. Is (c - -1925)*(1 - i/2) a composite number?
False
Let s = -232789 + 439412. Is s a composite number?
False
Let h = -1047272 + 1497633. Is h a composite number?
False
Let c(n) = 3*n**2 + 5*n + 8. Let g be c(-4). Suppose -31*u + g*u = 89315. Is u a composite number?
False
Let p = 45761 - 23160. Is p a composite number?
True
Let o(u) = -581*u - 438. Is o(-1) a prime number?
False
Is (-68193850)/(-391) - 24/(-136) a composite number?
True
Let k(h) be the second derivative of 3*h - 43/2*h**2 + 0 - 9/2*h**3. Is k(-14) prime?
False
Suppose 9 = 10*r - 11*r. Let x be -335 + (r - (-4)/1). Let i = 2187 + x. Is i composite?
False
Let t(i) = 4962*i - 11. Let p be -1*(9/(-5) + (-1)/5). Is t(p) prime?
False
Let b = -13640 - -23203. Let f = 16510 - b. Is f a prime number?
True
Suppose 28*w - 27*w - u - 836946 = 0, w - 836904 = -5*u. Is w prime?
True
Let t be (-9903)/(-2)*(-10)/(-15). Let u = t - 1186. Let m = 3400 - u. Is m a composite number?
True
Let c(n) = 8457*n + 839. Is c(4) composite?
False
Suppose 3*f = -5*a + f + 2880, 5*f - 25 = 0. Let q = a - 95. Let l = 928 - q. Is l a composite number?
False
Let y = 203 - 193. Suppose y*n - 13*n + 98529 = 0. Is n composite?
False
Suppose 84*j + 1808740 = 45*j + 43*j. Is j a composite number?
True
Let o(r) = 2393*r**2 - 4*r - 2. Let l(b) be the first derivative of -b**4/4 - 2*b**3 + 3*b**2/2 + 17*b + 49. Let z be l(-6). Is o(z) a composite number?
True
Let j(s) = 4*s - 21. Let o be j(8). Suppose 0 = -5*f - o*f + 34736. Suppose 2*i - 5*k - f = 398, 1265 = i + 4*k. Is i a prime number?
True
Let j be (-1 - (-9)/3) + 48/(-2). Let h(i) = i**3 + 20*i**2 - 49*i + 13. Is h(j) composite?
True
Let l = 9720 - 4802. Suppose 5*j - 3*d = 3427 + l, 5*j - 8345 = 5*d. Is j a prime number?
True
Let v = 54512 + -28845. Is v prime?
True
Let d be 16*3/(-6) + 9. Let o(a) = 51845*a**2 + 17*a - 17. Is o(d) composite?
True
Suppose 0 = -26*b + 28*b - 10, 0 = 7*f + 2*b - 173169. Is f a composite number?
True
Let a = -2313728 + 7830913. Is a composite?
True
Suppose -6*t + 163232 = -522295 + 91593. Is t prime?
False
Suppose -9170 = -p - 5*m, -9170 = p - 2*p - 4*m. Suppose -5*i - p = -15*i. Is i a composite number?
True
Suppose -26388921 = 319*z - 28654080 - 52270762. Is z a prime number?
False
Suppose -62*p + 64*p - 3176 = 0. Let v = p - -2259. Is v a composite number?
False
Let q(p) = -p**2 - 3*p + 8. Let l be q(-4). Suppose -3118 = l*z + 3*k + 27167, z + 2*k + 7575 = 0. Is (-2)/8*(z - -13) prime?
True
Let r(b) = -b**3 - 17*b**2 - 16*b + 12. Let c be r(-16). Suppose -c*n - 4670 = -2*n. Let h = n - -4126. Is h a prime number?
True
Is 986655/(-6)*(-13 - (-630)/50) a composite number?
False
Let u = 10198 - -45024. Is u prime?
False
Let p be 1/(-1)*3*35/15. Let u(o) = o**3 + 8*o**2 + 9*o + 11. Let d be u(p). Is (-12)/d - 1/(2/(-1956)) a prime number?
False
Let v = 11171 + -3001. Suppose 0 = 6*h - 10*h + 8, 2*h - v = -3*s. Is s a composite number?
True
Suppose -6*k = -435 - 8055. Let h = -444 + k. Is h prime?
True
Let n be -2 + 26/10 - (-66)/15. Suppose -n*c + 788 = -142. Suppose 0 = -f + 7*f - c. Is f composite?
False
Is 23 - 12 - (0 + -113534) a prime number?
False
Suppose -3*y + 61 - 213 = -z, 0 = 3*z - 2*y - 456. Suppose -60070 = z*k - 162*k. Is k a prime number?
True
Suppose -11919 = 17*c - 64585. Is c a prime number?
False
Suppose -19826314 = 38*q - 196*q. Is q prime?
False
Let z(m) = 3*m**2 - 26*m - 8. Let x be z(10). Let g(i) = i**3 - 32*i**2 + 38*i + 133. Is g(x) a prime number?
False
Let s = 3 + -2. Let c be (-3)/12 + 1 + s/4. Is (-2 - -1)*(-2 + c)*59 composite?
False
Let i(w) be the third derivative of 1835*w**4/24 + 103*w**3/2 - 4*w**2 + 4*w. Is i(18) prime?
False
Let x = -6140 + 24727. Is x a prime number?
True
Let t = 2117 + -412. Suppose -2*a - a = -1482. Suppose -t = -s - a. Is s a prime number?
False
Let s(y) = -3*y**2 + 4*y - 4. Let m be s(4). Let x = -34 - m. Suppose x*a + 0*a = 2*w - 452, 0 = -2*w - 4*a + 434. Is w composite?
False
Suppose 254410 = 4*o - 2*n, -127187 = -2*o - 22*n + 17*n. Let r = -34370 + o. Is r a composite number?
False
Let b be (-5)/(8 + 644/(-80)). Let p be 1/(333/(-167) - -2). Let v = p - b. Is v a prime number?
True
Suppose -17*j = -300720 - 1246671. Is j composite?
True
Let b be (-5)/(-35) + 142/(-14). Let i = b - -12. Is (-1 + i)/(4/8612) composite?
False
Let r(y) = 3*y**2 - 78*y + 6485. Is r(-178) a composite number?
False
Suppose -2*i = -16*i - 227004 + 1866418. Is i prime?
True
Let w be (4 - 0) + -11 + 9. Let q(s) = -6*s**2 - 7*s + 12. Let p(i) = 5*i**2 + 8*i - 11. Let v(y) = w*q(y) + 3*p(y). Is v(8) a composite number?
False
Suppose 0 = -0*f - 3*f - 3*y - 9, 3*f - y = 7. Let z be 2/8 - ((-573)/12 - f). Is 1781/7 + (-21)/z a composite number?
True
Let y = 45012 + -31420. Suppose -12*m + y + 70396 = 0. Is m a composite number?
True
Suppose 0 = 27*s - 0 - 81. Suppose -8*d + 9*d - 792 = -5*l, -s*d + 4*l = -2414. Is d prime?
False
Let f(y) = 4*y**2 - y + 1. Let h be f(1). Suppose -606600 = -14*j - 31*j. Suppose -12*d + j = -h*d. Is d a prime number?
False
Suppose -139*f + 249318 = -135*f - 2*v, f - 62312 = -3*v. Is f composite?
False
Suppose -v - 3*q - 3730 = -2*v, -2*q = v - 3745. Is v a composite number?
False
Let a = 3597 - -21387. Suppose 0 = 10*o - 23036 - a. Suppose 2*v - r + 1337 = o, -5*r + 6965 = 4*v. Is v a composite number?
True
Let q(p) = 26*p**2 + 25*p - 70. Is q(15) prime?
False
Let m = -311 + 311. Suppose m = -6*x + 1360 - 142. Is x a prime number?
False
Let j = 22 - -38. Suppose -2*f + 5*p + j = 0, 3*f - 146 = 5*p - 56. Is (9820/f)/((-4)/(-6)) a composite number?
False
Let i be -9 - 94/(-10) - (-309)/15. Suppose i*o + 0*o = 16401. Is o composite?
True
Let j = -16494 + 155740. Is j prime?
False
Suppose 0 = -68*y + 1298190 + 401